et f(n) = -3*g(n) - l(n). Determine f(-1).
2
Let m(g) = -8*g. Let a = -19 - -12. Let w = a - -8. Determine m(w).
-8
Suppose 2 = 3*x - 7. Let y(h) = 0*h**2 - h**2 - 1 + 2*h + x*h**2. Give y(-2).
3
Let i be 78/13 - (2 + -1). Let d(c) = c**3 - 5*c**2 - c + 4. Give d(i).
-1
Let o be ((-20)/6)/(4/(-6)). Let i(j) = -o*j**3 - 5*j**2 + 6*j**2 + j**3 + 3*j**3. Calculate i(0).
0
Let t be 1 + (-4 - 24/(-6)). Let k = -5 + 7. Let w(s) = -8*s**2 + 3*s**2 + k*s**2. Determine w(t).
-3
Let h(k) = -10. Let y(i) = -i + 7. Let m(u) = -2*h(u) - 3*y(u). Let q(l) = l**2 + 2*l - 2. Let v be q(-2). Calculate m(v).
-7
Suppose -m - 3*m = 0. Let f(k) be the third derivative of k**4/24 + k**3 + 8*k**2 - 4. Calculate f(m).
6
Let h(a) be the second derivative of -a**3/3 + 7*a**2/2 + 19*a. Calculate h(6).
-5
Let i = 10 - 5. Suppose 0 = -4*x + i*x. Let l(k) = -3*k + 23. Let d(p) = p - 11. Let o(v) = -5*d(v) - 2*l(v). Determine o(x).
9
Let w(r) = -5 + 4 - 3*r + 2. Give w(1).
-2
Let p(j) = j + 1. Let n(q) = 5*q. Let f = 4 - 0. Let w be 3/5 - f/(-10). Let h(t) = w*n(t) - 4*p(t). Give h(3).
-1
Suppose y = -3*f + 4, 0 = 3*y - 0*f + 3*f - 6. Let w(o) = 2*o - 15 + 14 - 6*o**2 + 2*o**2. Calculate w(y).
-3
Let i(o) = 2*o**3 + 4*o - 1. Let k(b) = b**3 + b. Let h(f) = i(f) - 3*k(f). Let m(u) be the first derivative of h(u). Calculate m(-1).
-2
Let k(o) = o**3 + 4*o**2 + 2*o + 4. Let n be k(-3). Let h(q) = -q + 7. Give h(n).
0
Suppose 31*s - 30*s - 2 = 0. Let g(p) = p**2 - p + 2. Let n(b) = b + 1. Let a(q) = -g(q) + n(q). What is a(s)?
-1
Let v(p) = -p**2 - 3*p - 2. Let y be v(-5). Let m = y + 9. Let j(r) be the third derivative of -r**5/60 - r**4/12 - r**3/6 + 2*r**2. Determine j(m).
-4
Let b(v) = v**3 + 3*v**2 - 6*v - 2. Let l(r) be the first derivative of 1/3*r**3 + 3*r - 2 + 4*r**2. Let u be l(-7). Give b(u).
6
Let h(t) = -30*t**2 + 7*t - 1 - 4 + 24*t**2 + t**3. What is h(4)?
-9
Let s(y) = -6 + y**2 + 3*y**2 - 3*y**2 - 5*y. Let p be s(6). Let o(k) = p - 11*k**2 + 0 + k. Give o(1).
-10
Let v(r) = -r**2 - r + 4. Let d = 96 - 96. Calculate v(d).
4
Let a(n) be the third derivative of -n**4/24 - 6*n**2. Determine a(-2).
2
Let q be (6/5)/((-4)/(-10)). Suppose 12 = -5*x - 3, -q*f - 5*x = 15. Let a(i) = -i**2 - i - 1. Calculate a(f).
-1
Let r(c) = -c**3 - 5*c**2 - 7*c + 4. Let u(f) = -f**3 - 4*f**2 - 7*f + 5. Let w(g) = 3*r(g) - 2*u(g). Give w(-6).
8
Let m(b) = 0 - 1 + 5*b + 2 - 2*b. Calculate m(-1).
-2
Suppose 0 = -z + 3*d + 4 - 2, -d = 0. Suppose 7*o = z*o. Let x(y) = y**2 - 4*y - 7. Let j(r) = -r. Let t(h) = -5*j(h) + x(h). What is t(o)?
-7
Let b(n) = -25*n**3 + 2*n**2 + 12*n**3 - n**2 + 1 - 2. Calculate b(-1).
13
Let t(s) = -10*s + s**2 + s + s**3 + s**2 - 8*s**2 + 9. Calculate t(7).
-5
Let c(s) = -s**3 + 3*s**2 + 4*s + 2. Let n(h) = -3*h + 13. Let o be n(3). What is c(o)?
2
Let l(g) = -g - 4. Let t(h) = h - 1. Let p be t(-2). Determine l(p).
-1
Let z(f) = -5*f. Let r(p) be the second derivative of p**5/20 + p**4/2 + 7*p**3/6 + 5*p**2/2 - 2*p. Let o be r(-5). Let y = o - -6. Give z(y).
-5
Let h(a) = -4*a**2 + a - 12. Let y(d) = 5*d**2 - 2*d + 13. Let w(j) = -6*h(j) - 5*y(j). Determine w(6).
-5
Let t(c) = 4*c + 16. Let f(g) = 3*g + 1. Let k = 16 + -25. Let o(p) = 7*p + 3. Let x(l) = k*f(l) + 4*o(l). Let a(b) = -3*t(b) + 16*x(b). Give a(-2).
-8
Let h(l) = -2*l + 3. Let d = 14 + -12. What is h(d)?
-1
Let n = -101 + 101. Let j(m) = -m - 2. Determine j(n).
-2
Let r be (-18)/(-8) + (-12)/(-16). Let j(i) = -i**3 - i**2 - 1. Let q(l) = 5*l**3 + 8*l**2 + 3*l + 5. Let n(v) = 6*j(v) + q(v). Give n(r).
-1
Let h(r) = 5*r**2 - r. Let l(x) = -2*x + x + 0*x**2 - 2*x**2. Let g be l(-1). What is h(g)?
6
Let s(j) = j**3 - 3*j**2 + j - 3. Let h be (4/(-5))/(2/(-5)). Suppose -w - h = -5. What is s(w)?
0
Let k(i) = 2*i**3 + 2*i**2 - i + 2. Let y(a) = a**2 + 8*a - 3. Let q be y(-9). Let g be ((-4)/q)/(5/15). Determine k(g).
-4
Let m(z) = 9*z - z**2 + 5*z - 19*z. Determine m(-3).
6
Let q(p) = 4*p**2 + 0*p - 2*p - 3*p**3 - p + 4*p**3 - 6. Determine q(-4).
6
Let n be 2/4*(34 - 4). Suppose -n = -5*a - 0. Let r(q) = -2*q. What is r(a)?
-6
Suppose 4*o + 12 = 4*k, 3*o - 5*k + 0*k + 5 = 0. Let m(h) = -h**3 - 4*h**2 + 5*h + 5. Let s be m(-5). Let z(v) = -3*v + s + 0 - 1 - v**2. Calculate z(o).
-6
Let k(y) = -y**2 - 6*y - 2. Let o be (4/(-12))/((-1)/(-9)). Calculate k(o).
7
Let z(m) = m + 15. Let l be z(-9). Let r(g) = g. Determine r(l).
6
Let k(g) = -2*g**3 + 4*g**2 - 3*g. Let x be k(2). Let q(w) = -w**2 - 8*w - 7. Let p be q(x). Let r(u) = 4*u**3 + 3*u**2 - p*u**3 - 2*u**2. What is r(-1)?
2
Let g(i) = i - 2. Let c be g(10). Let p(s) = -1 - 1 - s + 0 - c*s**2 - 1 - s**3. Give p(-8).
5
Let c(l) = -l**3 - 6*l**2 - 5*l + 4. Let h = 3 - -2. Suppose y = -2, -2*y - 25 + 1 = h*g. Determine c(g).
-8
Suppose 4*v = 2*b - 6, v + 18 = b - 6*b. Let j(m) = -3. Let k(u) = -u + 3. Let q(t) = t**2 - 2*t - 4. Let d be q(4). Let p(h) = d*j(h) + 3*k(h). What is p(b)?
6
Let c(r) = 3*r - 1. Let q be ((-10)/(-5) - 8)/(6/(-4)). Calculate c(q).
11
Let t(h) be the first derivative of -h**4/4 - h**3 - h - 37. Give t(-3).
-1
Let h(k) = 25 - 9 - 9 - k. Determine h(5).
2
Let p be ((-7)/14)/(1/(-2)). Let i = 0 + 2. Let h be (6/(-4))/(p/i). Let w(o) = -o**2 - o + 1. Determine w(h).
-5
Let i(f) = 2*f - 7. Let c be i(6). Suppose -2*o = -c*h - 1 - 7, -5*o = 4*h + 13. Let j(g) be the first derivative of -3*g**2/2 + 1. Calculate j(h).
6
Let u(j) = 3*j**2 - j. Let q be u(1). Suppose 0 = -n + q. Let l(g) = 0*g**3 - n*g - 4*g**3 + 1 + 2*g**2 - 3 + 5*g**3. Calculate l(-3).
-5
Let y(s) = -4*s**2 - 1. Let f = 14 + -15. What is y(f)?
-5
Let p(g) be the first derivative of -g**4/4 + 4*g**3/3 - g**2 - 39. Calculate p(3).
3
Suppose 0 = -4*l + 10 - 2. Let t(f) = -4 + 1 + 6 + f**3 + f**2 - l. What is t(0)?
1
Let v(n) = 4*n**3 - 9*n**2 - 4*n + 4. Let q(b) = -b**3 + 2*b**2 + b - 1. Let i(s) = 9*q(s) + 2*v(s). Give i(-2).
5
Let b(f) = -2*f + 2. Let z be b(4). Let v(w) = w**2 + 6*w - 2. Give v(z).
-2
Let q(i) = -i**2 + 6*i - 1. Let v(c) = c**2 - 4*c - 7. Let p be v(6). Give q(p).
4
Suppose -2*i - 3*v = 9, v = 5*i - v - 25. Let r(g) = 0*g**2 - 1 - g**2 - g - i*g + 0. Calculate r(-5).
-6
Let z(r) = -5*r - 2. Let u be -5 + 3 + 6/(-3). Let j be (-6)/u*20/(-15). Determine z(j).
8
Let z(b) = -2*b - 14. Let q be z(-10). Suppose 2*x + 16 = q*x. Let r(n) = 5*n**2 + 2. Let d(a) = -4*a**2 - a - 1. Let f(o) = 6*d(o) + 5*r(o). What is f(x)?
-4
Suppose -4*a = 2*s, -4*s + 0*s = -3*a. Let m be -11 - -4 - (-1 - a). Let h(f) = -f**3 - 7*f**2 - 7*f - 8. Give h(m).
-2
Let c be 33/9 + (-3)/(-9). Suppose -2 = -3*k + c. Let b(l) = 3*l**2 - k*l**2 - 1 + 0*l**2 + 6*l. What is b(-5)?
-6
Let s(g) = 11*g**3 + 0*g**3 - g**3. Let f = -2 - -1. What is s(f)?
-10
Let k(o) be the first derivative of -1/3*o**3 + 5 + o + 1/2*o**2. Calculate k(2).
-1
Let f = -8 - -8. Let b(d) = 5*d - 1 + 5 - d**2 + f*d. What is b(5)?
4
Let r be 3/1 - (-25)/(-4 + -1). Let g be (4*1)/(4/2). Let i(k) = -k**3 - k - 3*k**2 + g - 2*k - 4. Give i(r).
0
Let z(f) = -f**2 + 5*f - 6. Suppose 1 = 3*l + 2*h + 3, -2*h - 18 = -5*l. Let c(x) = -1 + 2 - l. Let w(o) = -4*c(o) + z(o). Calculate w(4).
2
Let s(l) = -13 + l + 0 + 0*l + 0. Let d be s(6). Let q(x) = -x**2 - 6*x + 2. Calculate q(d).
-5
Let g(d) be the second derivative of -d**5/20 + d**4/12 + d**3/6 + 2*d**2 + 12*d. Determine g(0).
4
Suppose -1 + 2 = f. Let p(l) = l - 1. Let n(d) = -3*d + 1. Let i(v) = f*n(v) + 2*p(v). Calculate i(-5).
4
Let i(b) = 4 - 5*b + 5*b**2 + 4*b - 6*b**2. Suppose 4*a = -2*c - 2*c + 4, -3*a + 3 = -c. Let f be i(c). Let v(z) = -z**3 + 4*z**2 + 2*z - 4. What is v(f)?
4
Let p(f) = -8*f**2 + 30*f**2 + f**3 - 2 + 0*f - 18*f**2 + f. Give p(-4).
-6
Let n(i) = i**3 + 4*i**2 - 2*i - 5. Let l be -2*2*3/(-12). Let y = 3 - l. Suppose 2*f = -y*q - 3*q - 12, 3*f = 2*q + 20. Calculate n(q).
3
Suppose -5*k + 3 = -m, 4*m - 2*k = 9 + 15. Let f = 2 + 0. Let x(r) = -m + 2*r + r - f*r. What is x(5)?
-2
Let f(o) = 3*o**2 - o. Let v(c) = -c**3 - c**2 - 2*c - 1. Let s be v(-1). Calculate f(s).
2
Let l = 1 + 1. Let s(m) = -4 + m**3 - m + 2*m**l - 8*m**2 + 0. Give s(6).
-10
Let r(m) = 3*m. Suppose -14 = 5*q - 19. Let v be r(q). Let x(o) = -o**3 + 2*o**2 - 2*o + 2. What is x(v)?
-13
Let o be (-10 + 3)*(-20)/28. Let b(m) be the third derivative of m**5/60 - m**4/4 - m**3/3 + m**2